- 26. Let y(v) = -11*v - 2. What is the units digit of y(r)?
0
Let f be 10/25 - (-36)/10. Let z(x) = x**3 - 3*x**2 + 2*x + 2. Let k be z(2). Suppose f = k*t - 6. What is the units digit of t?
5
Suppose 0 = 5*q - 118 - 82. Suppose -5*z + 0*z + q = 0. Let p(u) = u**2 - 8*u + 7. What is the units digit of p(z)?
7
What is the units digit of (-7)/(4/16*-2)?
4
Suppose -7*a - 74 = -9*a. What is the units digit of a?
7
Let g(w) = w**2 - w - 2. Let p be g(3). Let v be (-92)/9 + p/18. What is the units digit of (-4)/v + (-8)/(-5)?
2
Let p = 7 + -2. Suppose -p*o = -4*y + 41, 0 = 3*y - 4*o - 13 - 19. What is the units digit of y?
4
Suppose -5*n = q - 15, -4*q = -3*n + 4*n - 22. Suppose -q*a + 54 = -2*a. Let o = -10 + a. What is the units digit of o?
8
Suppose -4*c + 6 = 2*g, -4*g - 8 = -c - c. Suppose 3*q = w - 43, 5*w - c*q - 180 = -30. What is the tens digit of w?
2
What is the units digit of ((-12)/(-9))/2 - (-514)/3?
2
Suppose 5*w - 19 + 3 = -n, -3*n + 88 = -5*w. What is the units digit of n?
6
Let k(y) be the first derivative of y**4/4 + 2*y**3 + 2*y**2 - y + 1. Let b be 2*2*(-6)/8. What is the tens digit of k(b)?
1
Let c(b) = b**3 - 4*b**2 - 2*b - 2. Let p be c(5). Let j = -8 + p. What is the units digit of j?
5
What is the tens digit of (-1141)/(-77) + 4/22?
1
Let q(z) = -z**2 + z - z**2 + 0*z**2 - 2 - 3*z**3. Suppose -5*v = -6 + 16. What is the tens digit of q(v)?
1
Suppose 6 = 2*v - 0. Suppose 40 = 7*n - v*n. What is the units digit of n?
0
Suppose 0 = -5*v + 15, 5*l - 6 = -3*v + 23. Suppose -3*a + 16 = 3*j + a, -l*j + 11 = -5*a. Let f(d) = d**2 - 2*d + 2. What is the tens digit of f(j)?
1
Let q(a) = -a**3 - 9*a**2 - 7*a + 7. Let r be q(-8). Let u be 6/(r*(-9)/6). Suppose -x + 2*x - 34 = -2*g, u*g + 5*x - 80 = 0. What is the units digit of g?
5
Suppose -2 = -0*h - h. Suppose -4*k + 7*k = h*m + 125, -12 = 3*m. What is the tens digit of k?
3
Let h = 286 - 199. What is the units digit of h?
7
Let s = -1 + 4. Suppose -s*z = 4*w - 63, 2*w + 62 = 5*z - z. What is the units digit of z?
7
Let i = 418 - 101. What is the units digit of i?
7
Let h(w) = -w**2 + 6*w + 5. Let l(t) = 3*t - 4. Let c = -7 + 10. Let x be l(c). What is the tens digit of h(x)?
1
Suppose -13 = -3*b - 4*q + 11, -4 = 2*b - 4*q. Suppose -4 = -b*z + 4*d, 5*d + 5 = 3*z - 4. What is the tens digit of (-2 + z)*22/(-8)?
1
Let c(k) = -18*k**3 - 4*k**2 + 2*k + 3. Let a(y) = 18*y**3 + 3*y**2 - 2*y - 2. Let u(f) = 4*a(f) + 3*c(f). What is the units digit of u(1)?
7
Let a(n) = -4*n**3 - 2*n**2 + 6*n + 1. Let b(g) = -g**3 - g**2 + 2*g. Let k(u) = -2*a(u) + 7*b(u). Let j be k(2). What is the units digit of 6*6/9 + j?
2
Let g(h) = 7*h + h**2 + 4 - 2*h - 2*h. Let a be g(-4). Let i = 14 - a. What is the units digit of i?
6
Let r(p) = -38*p**3 - p**2 - 2*p - 1. Let w be r(-1). Suppose -6 = 2*i - w. What is the units digit of i?
6
Suppose -n + 4 + 24 = 0. Let j = n - 4. What is the tens digit of j?
2
What is the tens digit of 3/(30/1792) + 4/(-20)?
7
Let i be (-4)/(-3)*9/6. Suppose 2*l - i - 22 = 0. What is the tens digit of l?
1
Suppose 73 = 3*m - 20. What is the units digit of m?
1
Let y be (-2)/2 - (1 - 2). Suppose y*m = -2*m + 12. Suppose 2*i = t + m, 7*i - 4*i - 7 = t. What is the units digit of i?
1
Suppose o + 5*o = 120. What is the tens digit of o?
2
Suppose 102 = -2*s - 4*h, -s = -4*s + h - 160. Let c = s + 89. What is the units digit of (c/(-8))/((-6)/16)?
2
Let i(p) = -2*p - 4. Let v be i(-5). Suppose -2*c + 0*c - v = 0. What is the units digit of 0/c + 10/2?
5
Suppose w + 9 = 4*w. Suppose 5*s = w*s + 10. What is the units digit of s?
5
Suppose 4*k - 39 = -k + 3*j, -2*k - 2*j + 6 = 0. What is the units digit of k/(-8) + 450/24?
8
Suppose 3*a = -3*s + 12, 2*a = 5*a + 5*s - 14. Suppose -x = 2*o - a + 1, 0 = x + 3*o - 3. Suppose -1 = w - v - 2, -3*v = x. What is the units digit of w?
1
Let s(a) = -a + 1. Let h be s(0). Let k = 14 + -8. Let p = k - h. What is the units digit of p?
5
Let f(m) = -m**2 + 2*m + 1. Let l = 6 - 4. What is the units digit of f(l)?
1
Suppose -3*l + 5*b = -8, 4*l + b + 2*b - 1 = 0. Let f be (l/((-2)/8))/(-1). Suppose f*a = -5*x + 45, 0 = -2*x - a + 3*a. What is the units digit of x?
5
Suppose -3*v + 15 = 0, -4*w = 4*v - 149 - 171. What is the tens digit of w?
7
Suppose 5*a - 25 = -5*w, -10 = -0*w + w - 4*a. Suppose -w - 1 = -3*i. What is the units digit of i?
1
Suppose 0 = -4*m + 2*m - 6, 0 = t - 5*m - 18. Suppose 4*v + t = 15. What is the units digit of (-3 - (-3)/v) + 6?
4
Let f be (-3)/(2*3/30). What is the units digit of (63/(-15))/(3/f)?
1
Let s(d) = d + 4. Let m be s(-6). Let r = -5 - m. Let j = 10 + r. What is the units digit of j?
7
Let a(o) be the third derivative of o**6/120 + o**5/6 - 11*o**4/24 + 5*o**3/6 - o**2. What is the units digit of a(-11)?
5
Let c = -12 - -28. Suppose 8 = 4*o - c. What is the units digit of o?
6
Let y(q) be the second derivative of -q**4/12 + 5*q**3/6 - 5*q**2/2 + 2*q. Let s be y(5). Let m(a) = a**2 + 5*a + 4. What is the units digit of m(s)?
4
Suppose -21 = a - 4*u, 23 = -3*a - u + 3*u. Let c = 23 + a. What is the units digit of c?
8
Let k(z) = -z**2 + 7*z - 2. Let q be k(5). Let g be 4/(-12)*(-3)/1. What is the units digit of q - ((-4 - -2) + g)?
9
Suppose 4*p - 91 = -23. What is the units digit of p?
7
Let y(p) = -13*p + 1. What is the units digit of y(-7)?
2
Let w(s) = -5*s - 3 + 1 - 4 + 3. What is the units digit of w(-2)?
7
Suppose -4*u - 2 + 16 = -2*h, -3*h + 1 = 5*u. Suppose u*q = 3*q - 5*t - 28, 4*t = -2*q. What is the units digit of q?
8
Let v = -5 + 10. Suppose -6 = -s - v. What is the units digit of s?
1
Let u(y) = 1 + 6*y - 1 - 11*y - 5*y**2 - y**3. What is the units digit of u(-4)?
4
Suppose 3*z - 4*z - 108 = -w, 2*w + 3*z - 226 = 0. What is the tens digit of w?
1
Suppose -149 - 41 = -5*t. What is the tens digit of t?
3
Let a be 5*(-5)/(1 - 0). Let o = -5 - a. What is the units digit of o?
0
Let s(b) = b**2 - 3*b - 1. Let x be s(4). Suppose -5*o + 12 - 29 = 2*z, -2*o - 22 = -x*z. What is the units digit of z?
4
Let h(v) = -v**3 + v**2 + 85. What is the units digit of h(0)?
5
Suppose 12 = 6*r - 3*r. Let a = r - -5. What is the units digit of a?
9
Suppose -2*h + 21 + 60 = 3*n, -4*n - 2*h = -108. What is the tens digit of n?
2
Suppose 3*x - 4*i + 3*i = 80, 102 = 4*x + i. What is the units digit of x?
6
Let o(h) = 2*h**3 + 4*h**2 + 5*h + 7. Let j be o(-3). What is the units digit of (-2)/(-1) - (j - -3)?
5
Let h(z) = 5*z - 10 + 4 - 3*z. Let k be h(5). Suppose -2*f + c = -k*f + 32, -38 = -2*f + 2*c. What is the tens digit of f?
1
Let z(m) = -m**3 + 9*m**2 - 5*m - 7. What is the tens digit of z(8)?
1
Let s = 6 + -7. What is the units digit of s/2 - (-39)/6?
6
Let s(c) = c**3 - 13*c**2 + 14*c + 14. Suppose 49 = 4*q + y, -q = -y + 5*y - 16. What is the tens digit of s(q)?
3
Suppose -2*q + 0*q - 3*a = -16, q - 3*a + 1 = 0. Let c = 6 - q. What is the units digit of c?
1
Let x be ((-16)/(-10))/((-2)/(-5)). Suppose -x*k + 2*p + 40 + 10 = 0, -8 = -k - 4*p. What is the units digit of k?
2
Let g(f) = -5*f. Let r be g(-5). Let w = 55 - r. What is the units digit of w?
0
Suppose 0*c + 6 = c. Let u(g) = g - 6. Let d be u(c). What is the units digit of d - (-21)/(-6)*-2?
7
Let q be (-3)/(-6)*(-1 - -5). What is the units digit of 3/9*(q - -1)?
1
Let y = -17 + 31. What is the units digit of y?
4
Let s(q) = -2*q**2 - 2*q + 1. Let j be s(2). Let o = 7 - j. What is the tens digit of o?
1
Suppose 4 = 3*l + l. Suppose -s + 30 = l. What is the tens digit of s?
2
Let h = 5 - -1. Let o(q) = -q + 5. Let k be o(5). What is the units digit of (-6 + k)*(-9)/h?
9
Suppose -5*a + 2*m + 75 = 0, a - 4 - 11 = -5*m. Let h = -3 + a. What is the units digit of 1/(-1 - (-15)/h)?
4
Let p(s) be the second derivative of s**5/20 + 11*s**4/12 - s**3/6 + 2*s**2 + 4*s. What is the tens digit of p(-11)?
1
Let s = 17 + -15. What is the units digit of s?
2
Suppose 0 = 4*k - 2*l - 16, -2*l + 3 = -k + 7. Suppose k*v + 0*v = 4*g - 28, -4*g + 4 = 2*v. What is the tens digit of (-2)/g*513/(-18)?
1
What is the tens digit of -3 + 204 - (-2)/2?
0
Suppose 27 = j - 12. Suppose -2*c = -7*c + 5*g + 55, -3*c + j = 3*g. What is the units digit of c?
2
Let c be 12/9*(-9)/(-6). Suppose -3*d - 9 = 3*k, -5*k + 2*d - 1 + 7 = 0. Suppose k = -x + 8 + c. What is the units digit of x?
0
Supp